*-1. Suppose 0 = 2*k + 5*v - 266, -m*k + 2*k + 3*v + 133 = 0. What is the tens digit of k?
3
Suppose -15*y = -11*y - 1888. Suppose -5*i + y = -2008. Suppose 3*w - i = -b, w - 4*b = 3*w - 334. What is the tens digit of w?
6
Suppose -2*q + 4*i + 32 = 2*q, -4*q - 2*i = -38. Suppose 0 = q*a - 3275 + 395. What is the tens digit of a?
2
Let h(r) = r**3 + 7*r**2 - 13*r - 14. Suppose 2*j - j - 5*n - 7 = 0, n = j - 23. Suppose -7 - j = 4*z + 2*m, -2*z = 2*m + 18. What is the tens digit of h(z)?
2
Let q = -35 + 144. Let r = 295 - q. What is the tens digit of r?
8
Let y(c) = c**3 + 14*c**2 + 23*c - 11. Let x be y(-10). Suppose -9*o + 2*m + x = -4*o, -m = -2*o + 64. What is the tens digit of o?
3
What is the tens digit of 17 - (-12087999)/147 - (-8)/(-28)?
4
Suppose 3*c - 11789 = -q, 0 = c - 3*q - 3222 - 721. What is the tens digit of c?
3
Let t(r) = -2*r. Let z(y) = -42*y - 34. Let x(f) = -4*t(f) - z(f). What is the hundreds digit of x(28)?
4
Let t(s) = -203*s - 11. Let b(g) = 1017*g + 56. Let x(l) = 6*b(l) + 33*t(l). What is the tens digit of x(-1)?
7
Let q be (-172)/10 - (-2)/10. Let j(f) = -f**2 - 16*f + 20. Let a be j(q). Suppose a*g - 15 = 0, 2*y + 3*y = -2*g + 90. What is the tens digit of y?
1
Suppose -60 = -5*p - 850. Let o = 376 + p. What is the hundreds digit of o?
2
Let q = 14747 - 2771. What is the tens digit of q?
7
Suppose -2*h + 25 = 3*z, 4*h - 7 - 13 = 4*z. Suppose -h*f + 3*f = -1685. Suppose 0 = -3*j - 6, -3*o = j - 0*j - f. What is the hundreds digit of o?
1
What is the tens digit of (-6)/(-14) - (1002/(-9))/(518/29859)?
1
Let z = 79 - -519. Suppose 4*l - 5*h - 6832 = 0, 5*h = l - 2306 + z. What is the units digit of l?
8
Suppose -4*t - 43 - 65 = 0. Let q = t - -32. Suppose -3*a - 300 = -3*p, 0 = a - 0*a - q. What is the tens digit of p?
0
Let c = -682 - -7651. What is the thousands digit of c?
6
What is the tens digit of (-3387276)/(-185) + (-3)/5 + 0?
0
Let h = 82 + 333. What is the tens digit of 8/28*7 + h?
1
Let d(j) = 2*j**3 + 7*j**2 - 6*j + 22. Let m(b) = -8*b**3 - 27*b**2 + 26*b - 88. Let f(p) = -9*d(p) - 2*m(p). What is the units digit of f(-8)?
0
Let a(x) = -3*x**3 - 6*x**2 + 2*x + 11. Let v be a(-3). Suppose -12*k + v*k = 1400. What is the tens digit of k?
7
Let g = 12580 - -5676. What is the units digit of g?
6
Let m(k) = -4465*k + 59. What is the tens digit of m(-4)?
1
Let s(d) = 5*d**2 + 23*d + 26. Let y be s(-6). What is the hundreds digit of ((-3657)/138)/((-2)/y)?
9
Let y be -1*(3 - (3 + 2)). Suppose -v + 14 = -y*o, -3*o - 4*v = v - 5. What is the tens digit of (55/o - -8)/((-1)/37)?
1
Let i = 404 - 193. Suppose 2*g - 2*l = -474, 0 = g + 4*l + i + 26. What is the tens digit of (g/(-12))/(1*2/8)?
7
Let u = 589 + -587. Suppose 2*s + v = 632, -s + 0*s - u*v = -316. What is the units digit of s?
6
Let x be (-13 + 1)*65/(-195). Suppose -9 = 2*d - 1, x*z - 1604 = 2*d. What is the tens digit of z?
9
Let k(i) = -2*i**2 - 12*i**2 - 32 + 15*i**2. What is the units digit of k(15)?
3
What is the hundreds digit of 32200/(-42)*195/(-20)?
4
Let h(m) = -2*m**2 - 17*m - 23. Suppose -89 = 5*k - 4. Let u be h(k). Let q = -171 - u. What is the units digit of q?
1
Let a = -4393 + 5110. What is the units digit of a?
7
Let z(i) = -1083*i - 1044. What is the tens digit of z(-19)?
3
Let n(k) = -k**3 + 2*k + 4. Let r be n(0). Let h be 394/r - 19/(-38). Let m = h - 9. What is the tens digit of m?
9
What is the thousands digit of (-5)/((-10)/3072)*(-7641)/(-566)?
0
Suppose -4*s + 5*s = 3*u - 28, 0 = 5*u - 2*s - 48. What is the hundreds digit of (-1)/(-4)*((u - 4) + 904)?
2
Let c be 0*((1 - -5) + -5). Suppose c = 14*n - 18*n + 1436. What is the units digit of n?
9
Suppose 5*p - 3*p = -3*m + 1137, -2*p - m = -1143. Let o = 1213 - p. What is the hundreds digit of o?
6
Let f(a) be the third derivative of -a**6/120 + 2*a**5/15 + a**4/3 + 4*a**3/3 - 8*a**2. Let o = -15 - -23. What is the units digit of f(o)?
2
Let s be 72/(-162)*27/(-6). Suppose -l - s*a + 227 = 0, 247 + 183 = 2*l - 4*a. What is the tens digit of l?
2
Let v(f) = -15*f**2 + f. Let a be v(-1). Let b = a - -19. Suppose -3*g - 157 = -2*s, 5*g = 5*s + b*g - 420. What is the tens digit of s?
8
Let g be -1*(2 + (2 - 4)). Suppose -2*x - 350 = -3*c - 4*x, g = -5*c + x + 579. Suppose -4*y - c + 930 = 2*z, 4*y - 5*z - 779 = 0. What is the tens digit of y?
0
What is the tens digit of 8399/(2*12/24)?
9
Suppose -626 = -4*a - 17*h + 15*h, 0 = -5*a + 2*h + 796. Let n = 456 + a. What is the hundreds digit of n?
6
Let p = 154 - 66. Let q = p + -43. Let c = -30 + q. What is the tens digit of c?
1
Let b = 10 - 5. Suppose -u - 5*l = 20, -2*l + 5*l = -2*u - 5. Suppose -u = -p + b*w, p + w - 9 = 4*w. What is the tens digit of p?
1
What is the thousands digit of -50103*1*((-96)/448 + 44/(-56))?
0
Suppose 0 = -4*f - 3*u - 5080, 5*u + 2785 = -3*f - 1025. Let h = f + 3133. What is the tens digit of h?
6
Suppose 7*x = 3*x + 4*h + 63208, 0 = 6*x - 4*h - 94806. What is the tens digit of x?
9
Let x = 401 + -604. Let h = x - -310. What is the hundreds digit of h?
1
Let o(r) = -r**2 - 11*r - 22. Let x be o(-4). Suppose 2*c = 2*h - 34, -5*c - 75 = h - 4*h. What is the hundreds digit of ((-206)/4)/(0 + x/c)?
1
Let t be (2 - 2)*(-4)/12. Let h(p) = -2*p - p**2 + t*p**2 - 38 + 45 - 12*p. What is the units digit of h(-8)?
5
Let c = 71528 + -27730. What is the tens digit of c?
9
Let m(n) = 45*n + 7583. What is the hundreds digit of m(0)?
5
Let b(s) = 1191*s - 1341. What is the thousands digit of b(9)?
9
Let q(j) = -j - 3. Let z be q(-3). Let m be (z - 12/10)/(2/(-25)). Suppose -4*a - m = -7*a. What is the units digit of a?
5
Let w be 80/24 + (-2 - 32/(-12)). What is the hundreds digit of 2971/w - (-9)/36?
7
Let c(x) = 6*x - 13. Let i(o) = 4*o - 9. Suppose 6*s + 22 = -8. Let z(w) = s*c(w) + 8*i(w). What is the units digit of z(8)?
9
Suppose -5*j - 18380 = -5*n, n = -16*j + 15*j + 3674. Suppose -3673 = -2*r - s, 0 = -2*r - s + 2*s + n. What is the units digit of r?
7
Let g(b) = -2*b**2 + 5*b - 3. Suppose 15*m - 13*m = -10. Let i be g(m). Let y = i + 161. What is the tens digit of y?
8
Let b be (-2)/((-8)/(-8)*2/(-4)). Suppose -b*w + 1466 = 3*l, -w + 166 + 201 = l. What is the units digit of w?
5
What is the tens digit of (-1705352)/(-836) - 2/(-38)*2?
4
Suppose -5*h = -4*p - 44 + 10, -2*h + 11 = p. Let q(z) = 3*z**2 - 3*z - 63. What is the units digit of q(h)?
7
Suppose -3*g = 4*g - 1015. Suppose -2*o + 5*v + 726 = 0, g = -3*o + 3*v + 1234. What is the tens digit of o?
6
Suppose 3*j - 5*y - 53251 = 0, -5*j - 2512 + 91294 = -4*y. What is the units digit of j?
2
Suppose -5848*a + 5842*a + 16284 = 0. What is the thousands digit of a?
2
Let c(x) = 27*x**2 - 52*x - 53. What is the tens digit of c(34)?
9
Let z(u) = 2*u**3 - 109*u**2 - 139*u - 54. What is the thousands digit of z(57)?
8
Let t(x) be the second derivative of 3*x**4/4 + x**3/3 - 3*x**2/2 - 2*x + 12. Suppose -n + 7 = 4. What is the tens digit of t(n)?
8
Let g = 306 + -241. What is the units digit of (-2)/((-1)/(-94)*(-52)/g)?
5
Let p(g) = 2253*g - 443. What is the hundreds digit of p(5)?
8
Suppose 3*w = -2*s + 8929, 44*w = 48*w - s - 11887. What is the thousands digit of w?
2
Suppose -4303575 = -140*b + 571785. What is the ten thousands digit of b?
3
Let z(x) = 71*x**2 + 237*x + 10. What is the tens digit of z(-11)?
9
Let m be 597/2 - 24/(-16). Suppose 5*w - 730 = m. Suppose 13*z - 1354 = w. What is the hundreds digit of z?
1
Let z = 22004 - 11686. What is the thousands digit of z?
0
Suppose 5*t - 9*t + 3*b = -194017, 96984 = 2*t + 2*b. What is the tens digit of t?
9
Let o be (-56)/20 + (-2)/20*2. Let s be 520 - (-1 + o - 0). Suppose -s + 89 = -5*a. What is the units digit of a?
7
Suppose 64200 - 34379 = 23*y - 164506. What is the units digit of y?
9
What is the hundreds digit of 33667/3 - -27*(-24)/(-972)?
2
What is the hundreds digit of (-45716)/(-12)*18 - (2 + -5)?
5
Let r = 111 - 116. What is the units digit of (3 + r + -481)*1/(-3)?
1
Let d(r) = 173*r - 331. Suppose 5*u + 30 = 2*s, -8*u - 14 = -s - 6*u. What is the tens digit of d(s)?
9
Let h = 169 + -240. Let k = -24 - h. What is the units digit of k?
7
Let f = 126850 - 63704. What is the hundreds digit of f?
1
Let t be (1/(65/(-104)))/((-2)/5). Let a = 0 + 0. Suppose 3*x + t*i - 324 = -x, a = 2*x - i - 177. Wha